{"id":1788,"date":"2021-07-22T08:34:08","date_gmt":"2021-07-22T06:34:08","guid":{"rendered":"http:\/\/www.heimatverein-vlotho.de\/?page_id=1788"},"modified":"2024-04-08T12:36:44","modified_gmt":"2024-04-08T10:36:44","slug":"heimatmuseum","status":"publish","type":"page","link":"http:\/\/www.heimatverein-vlotho.de\/?page_id=1788","title":{"rendered":"Heimatmuseum"},"content":{"rendered":"\n<p>\u00d6ffnungszeiten:<br><br>von APRIL bis OKTOBER an <strong>jedem<\/strong> 1. Sonntag im Monat von 11:00 bis 17:00<br><br>Anfragen f\u00fcr Besichtigungen und F\u00fchrungen bei Barbara und Bernd B\u00fcschenfeld <\/p>\n\n\n\n<p>Tel.: 05733 3536.<\/p>\n\n\n\n<hr class=\"wp-block-separator has-alpha-channel-opacity\"\/>\n\n\n\n<p class=\"has-text-align-center\">Saisonstart Heimatmuseum 2024<\/p>\n\n\n\nngg_shortcode_0_placeholder\n\n\n\n<hr class=\"wp-block-separator has-css-opacity\"\/>\n\n\n\n<p> ANFAHRT ZUM HEIMATMUSEUM VLOTHO <\/p>\n\n\n\n<figure class=\"wp-block-image size-full\"><a href=\"http:\/\/www.heimatverein-vlotho.de\/WP\/wp-content\/uploads\/2023\/02\/ANFAHRT-HEIMATMUSEUM-KULTURFABRIK-VLOTHO.jpg\"><img loading=\"lazy\" decoding=\"async\" width=\"827\" height=\"1024\" src=\"http:\/\/www.heimatverein-vlotho.de\/WP\/wp-content\/uploads\/2023\/02\/ANFAHRT-HEIMATMUSEUM-KULTURFABRIK-VLOTHO.jpg\" alt=\"\" class=\"wp-image-2360\" srcset=\"http:\/\/www.heimatverein-vlotho.de\/WP\/wp-content\/uploads\/2023\/02\/ANFAHRT-HEIMATMUSEUM-KULTURFABRIK-VLOTHO.jpg 827w, http:\/\/www.heimatverein-vlotho.de\/WP\/wp-content\/uploads\/2023\/02\/ANFAHRT-HEIMATMUSEUM-KULTURFABRIK-VLOTHO-242x300.jpg 242w, http:\/\/www.heimatverein-vlotho.de\/WP\/wp-content\/uploads\/2023\/02\/ANFAHRT-HEIMATMUSEUM-KULTURFABRIK-VLOTHO-768x951.jpg 768w, http:\/\/www.heimatverein-vlotho.de\/WP\/wp-content\/uploads\/2023\/02\/ANFAHRT-HEIMATMUSEUM-KULTURFABRIK-VLOTHO-624x773.jpg 624w\" sizes=\"auto, (max-width: 827px) 100vw, 827px\" \/><\/a><\/figure>\n","protected":false},"excerpt":{"rendered":"<p>\u00d6ffnungszeiten: von APRIL bis OKTOBER an jedem 1. Sonntag im Monat von 11:00 bis 17:00 Anfragen f\u00fcr Besichtigungen und F\u00fchrungen bei Barbara und Bernd B\u00fcschenfeld Tel.: 05733 3536. Saisonstart Heimatmuseum [&hellip;]<\/p>\n","protected":false},"author":1,"featured_media":0,"parent":0,"menu_order":0,"comment_status":"closed","ping_status":"closed","template":"","meta":{"ngg_post_thumbnail":0,"footnotes":""},"class_list":["post-1788","page","type-page","status-publish","hentry"],"_links":{"self":[{"href":"http:\/\/www.heimatverein-vlotho.de\/index.php?rest_route=\/wp\/v2\/pages\/1788","targetHints":{"allow":["GET"]}}],"collection":[{"href":"http:\/\/www.heimatverein-vlotho.de\/index.php?rest_route=\/wp\/v2\/pages"}],"about":[{"href":"http:\/\/www.heimatverein-vlotho.de\/index.php?rest_route=\/wp\/v2\/types\/page"}],"author":[{"embeddable":true,"href":"http:\/\/www.heimatverein-vlotho.de\/index.php?rest_route=\/wp\/v2\/users\/1"}],"replies":[{"embeddable":true,"href":"http:\/\/www.heimatverein-vlotho.de\/index.php?rest_route=%2Fwp%2Fv2%2Fcomments&post=1788"}],"version-history":[{"count":21,"href":"http:\/\/www.heimatverein-vlotho.de\/index.php?rest_route=\/wp\/v2\/pages\/1788\/revisions"}],"predecessor-version":[{"id":3057,"href":"http:\/\/www.heimatverein-vlotho.de\/index.php?rest_route=\/wp\/v2\/pages\/1788\/revisions\/3057"}],"wp:attachment":[{"href":"http:\/\/www.heimatverein-vlotho.de\/index.php?rest_route=%2Fwp%2Fv2%2Fmedia&parent=1788"}],"curies":[{"name":"wp","href":"https:\/\/api.w.org\/{rel}","templated":true}]}}